ivided by 14?
9
What is the remainder when (-54)/(-13) + 32/(-208) is divided by 2?
0
Let y(t) = t**3 + 12*t**2 + 11*t + 5. What is the remainder when 12 is divided by y(-11)?
2
Suppose -4*h + 17 = -27. What is the remainder when 19 is divided by h?
8
Suppose c + 34 = 3*c - 5*z, -4*c + 2*z = -52. Suppose 0 = -4*i - 0*i + c. Calculate the remainder when i is divided by 2.
1
Suppose 4*g + 4 = 0, 0*l - l - 3*g = -23. Calculate the remainder when l is divided by 7.
5
Suppose -2*h - 3*q + 52 = 0, 0*q = -h + 2*q + 19. Calculate the remainder when 68 is divided by h.
22
Suppose -4*y + 3*h + 17 = 0, -5*y + h = -y - 11. Suppose p = s, 0 = -3*s + p + p + 3. Calculate the remainder when s is divided by y.
1
Suppose -v + 18 = 2*v. Let t = 21 - v. What is the remainder when t is divided by 8?
7
Let x = 4 + 1. Suppose x*g = -0*g + 4*v + 126, 5*g - 2*v = 128. What is the remainder when g is divided by 7?
5
Suppose -5*d - a + 55 = 3*a, -4*d = -a - 65. Calculate the remainder when d is divided by 8.
7
Suppose 4*k + 0*w + 5*w = 238, -5*k = -w - 283. Suppose -5*u = -103 - k. Suppose -4*y + 33 = -y. What is the remainder when u is divided by y?
10
Let b(m) = 14*m**3 + m**2 + 2*m + 1. Let j be b(2). Let r = j + -74. Calculate the remainder when r is divided by 24.
23
Let y(m) = 50*m**3 - 2*m**2 + 1. Let c = -10 - -18. Let x = 9 + c. Calculate the remainder when y(1) is divided by x.
15
Let f = 8 - -13. Calculate the remainder when f is divided by 8.
5
Suppose 3*c + 5*y - 18 = 0, 4*c - 27 = c - 2*y. Calculate the remainder when 19 is divided by c.
8
Let b be (9/4)/3*28. Let k = 12 + -25. Let w = b + k. Calculate the remainder when 23 is divided by w.
7
Let x = -71 - -108. Let n = -21 + x. Calculate the remainder when 47 is divided by n.
15
Suppose -5*j = -2*n + 4*n - 101, 4*n - 3*j - 137 = 0. What is the remainder when n is divided by 14?
10
Suppose 5*c - 55 - 15 = 0. Calculate the remainder when 68 is divided by c.
12
Let q = -16 - -23. Let p = 42 + -29. What is the remainder when p is divided by q?
6
Let h = -10 + 16. What is the remainder when 1/2*0 + 42 is divided by 2/(h/33 - 0)?
9
Let g(z) = 12 + 2*z + 0*z - 4*z + 3*z. Let a be g(-8). Suppose x + x + 2*w - 34 = 0, -a*x = -5*w - 50. What is the remainder when x is divided by 6?
3
What is the remainder when 32 is divided by ((-8)/2)/(90/25 + -4)?
2
Let x = 4 - 0. Suppose 4*i - 11 = -5*p, 2 = 2*p + 4*i - 0. What is the remainder when x is divided by p?
1
Suppose 2*k - 191 = -u, -3*k = 2*u - 3*u - 274. Suppose h = 4*h + 3*b - k, -4*b - 108 = -4*h. Calculate the remainder when h is divided by 10.
9
What is the remainder when 15 is divided by 2/3 - 44/(-6)?
7
Let t = -3 + 3. Let c(l) = -10 - l + t*l + 9. Calculate the remainder when 8 is divided by c(-4).
2
Let y = -31 + 18. Let c = y - -40. Calculate the remainder when c is divided by 15.
12
Let s(b) = 9*b - 10. What is the remainder when 68 is divided by s(5)?
33
Let f(y) = y**2 + y - 2. Let r be f(-5). Suppose -2*j + r = j. Calculate the remainder when 20 is divided by j.
2
Let y = -6 - -12. Suppose 4*g - 10 - y = 0. What is the remainder when g is divided by 3?
1
Let v(j) = -6*j - 1. What is the remainder when v(-7) is divided by (-1*1)/(10/(-140))?
13
Let v = 93 - 90. Calculate the remainder when 19 is divided by v.
1
Suppose 2*b - 92 = -2*b. Let q = b + -11. Let u = q + -5. Calculate the remainder when u is divided by 3.
1
Let k(o) = -6*o + 4*o + 6 + 3*o. Calculate the remainder when 64 is divided by k(16).
20
Suppose 2*a - 66 = 3*f - 7*f, -12 = 4*a. Let t(b) = -b + 66. Let s be t(0). Let r = s + -32. Calculate the remainder when r is divided by f.
16
Suppose t - 5*t - 70 = -2*p, 0 = -2*p + t + 79. Let c = p + -10. Calculate the remainder when c is divided by 8.
7
Let u = 7 + -5. Let d be 2 - (1 + -3) - u. Suppose 0 = d*n - 4*n + 78. What is the remainder when n is divided by 20?
19
Let j(q) be the third derivative of 23*q**4/12 + q**3/6 - 3*q**2. Suppose -2 = -3*l - 5*h + 1, 4*h + 1 = l. What is the remainder when j(l) is divided by 16?
15
Calculate the remainder when 55 is divided by 16/(-104) + (-498)/(-26).
17
Suppose -2*v + 3*v - 8 = 0. Suppose 2*h + 0 = 4. Suppose 6*y = 3*t + h*y - 57, -5*y + 38 = t. Calculate the remainder when t is divided by v.
7
Suppose -23*f + 18*f - 3*c = -279, -3*f = 3*c - 171. Suppose g = -4*g + 70. What is the remainder when f is divided by g?
12
Let a = 108 - 46. Calculate the remainder when a is divided by 32.
30
Let c = -26 - -35. What is the remainder when 15 is divided by c?
6
Let d(p) = -12*p + 4. Calculate the remainder when d(-3) is divided by 14.
12
Let v = 542 - 526. Suppose -4*j + 5*l = -87, -l = 2*l - 15. What is the remainder when j is divided by v?
12
Let p(a) = -a**3 + 13*a**2 - 11*a - 10. Let l = -5 - -8. Let j = l + 0. Calculate the remainder when j is divided by p(12).
1
Let m = 423 - 238. Calculate the remainder when m is divided by 31.
30
Let m(v) = v**2 + 5*v. Let h be m(-5). Suppose 2*u + 4 - 94 = h. What is the remainder when u is divided by 12?
9
Let j = 8 + -2. What is the remainder when j is divided by 9/(18/(-4))*-2?
2
Let d = -132 - -168. What is the remainder when 142 is divided by d?
34
Suppose -5*o + 292 = -o. Let w be 0 + -4 - (-27)/3. Suppose -5*g + 3*a = -o, -2*a + 105 = w*g + 3*a. What is the remainder when 49 is divided by g?
15
Let r(f) = -f**3 - 8*f**2 + f + 7. Let n be r(-8). Let l be 2 + (-3)/n + -1. Suppose k = -k - 8, -2*z + l = 2*k. What is the remainder when 17 is divided by z?
5
Suppose u - 4 = 2*p - 1, -3*u + 5*p = -14. Calculate the remainder when 102 is divided by u.
11
Suppose 42 = 2*p + p. Calculate the remainder when 53 is divided by p.
11
Suppose -4*n + 178 - 6 = 0. Calculate the remainder when n is divided by 5.
3
Let g(v) = -10*v + 7. What is the remainder when g(-2) is divided by 10?
7
Suppose -19*y = -38 - 0. What is the remainder when y is divided by (-1 - 0)*(0 + -1)?
0
Suppose -2*a - 4*s = -28, -6*a - 5*s = -a - 45. What is the remainder when 7 is divided by a?
3
Suppose 95 + 15 = 5*l. Let n be 5/2 - (-1)/2. Suppose -4*a = 5*u - 1 + 2, -5*a + n*u + 45 = 0. Calculate the remainder when l is divided by a.
4
Suppose -v + 6*v - 81 = 2*c, v = 5*c + 7. Let j = v + 18. Suppose -3*b = -5*o + 54, 2*o = 2*b - b + 21. Calculate the remainder when j is divided by o.
8
Suppose 0*f + 28 = z - f, 4*z + 2*f - 118 = 0. Calculate the remainder when z is divided by 8/(-6)*30/(-4).
9
Let k(g) = -g - 42. Let r be k(0). Let f be -2 - (-5)/((-15)/r). Let d = 23 - f. Calculate the remainder when 30 is divided by d.
8
Let s(a) = 14*a**3 + a**2 - a + 1. Calculate the remainder when 87 is divided by s(1).
12
Let m(g) = -g**3 + 6*g**2 - 2*g - 4. Suppose 3*r + 3 = 2*c, 3*c - r + 0 - 8 = 0. Calculate the remainder when 32 is divided by m(c).
15
Suppose 4*o + o = 300. Suppose 0 = -4*z + o + 284. What is the remainder when z is divided by 22?
20
What is the remainder when (-69)/2*(-6)/3 is divided by (-42)/(-4)*(-12)/(-7)?
15
Let a be (-2)/(-7) - (-3792)/(-42). Let m = a + 133. Calculate the remainder when m is divided by 23.
20
Let p = 5 - -34. What is the remainder when p is divided by 10?
9
Let b = -65 - -77. What is the remainder when 18 is divided by b?
6
Suppose 4*a - 41 = -r, 7*a = 3*r + 2*a - 38. What is the remainder when 77 is divided by r?
14
Suppose -i + 7 = -8. Suppose -2*v - 205 = -5*p, 4*p + 2*v - 177 = v. Calculate the remainder when p is divided by i.
13
Let s = -10 - -24. What is the remainder when ((-39)/(-6))/(8/32) is divided by s?
12
Suppose 2*b + 1 - 7 = 0. What is the remainder when 15 is divided by b?
0
Let g be -1*2*5/(-2). Let j = 83 - 43. Suppose 0 = g*o + 15, 4*w - 2*w - j = 2*o. Calculate the remainder when 50 is divided by w.
16
Let q(d) = -3*d + 0*d - 2*d + 6 + 0*d. What is the remainder when q(-5) is divided by 8?
7
Suppose 3*q + q - 3 = -3*n, 0 = -5*q - 15. Suppose -3*c - 12 = -n*w - 0, 2*w - 4 = c. Let g = 10 + c. What is the remainder when 17 is divided by g?
5
Let x be (40/24)/(2/(-12)). Let a(m) = -m**3 - 11*m**2 - 10*m + 4. Calculate the remainder when 6 is divided by a(x).
2
Let u(z) = -z**3 - 7*z**2 + 2*z + 4. What is the remainder when u(-8) is divided by 19?
14
Suppose -5*n = 3*j + 30, j + j + 12 = -2*n. Let v be (-20)/n*(-27)/(-6). Let q = v - -1. Calcu